13, 4*z - 12 = d. Let p = -6 - d. List the prime factors of b(p).
3
Suppose -c = -2*u + 54, -5*c + 92 = 4*u - 3*c. List the prime factors of u.
5
Let o = -3 - -7. Suppose -c - c = o. List the prime factors of (-21)/(-2)*c/(-3).
7
Suppose 3*h = -3*d + 6, d + 2 = -0*h - 5*h. Let y = h + 11. List the prime factors of y.
2, 5
Let h be ((-8)/(-10))/(12/30). List the prime factors of (144/(-84))/(h/(-49)).
2, 3, 7
Let i(b) = -2*b - 8. What are the prime factors of i(-7)?
2, 3
Let o(w) be the second derivative of -w**5/20 - 3*w**4/4 - w**3/3 + 11*w**2/2 - 5*w. List the prime factors of o(-9).
29
Suppose 0*t + 3*t = 12. Suppose 3*s + 2 - 11 = -4*k, 3*k - 3*s = -9. Suppose 44 = -k*c + t*c. List the prime factors of c.
11
Suppose -2 = -c + 3. Suppose -4*n = n - 4*p - 5, 5*n - c = -4*p. What are the prime factors of 2*(n + 0) - -1?
3
Let b = 1 + 5. What are the prime factors of 6/9 - (-56)/b?
2, 5
Let i = 81 - -89. What are the prime factors of i?
2, 5, 17
Let a(m) = -6*m**3 + 1. Let h be a(1). List the prime factors of ((-32)/h)/((-8)/(-20)).
2
Suppose -2*p + 12 = p. List the prime factors of p.
2
Let u(k) = 80*k - 6. What are the prime factors of u(3)?
2, 3, 13
Let o(n) = 8*n**2 + 0*n**2 + 11*n - 1 - 54*n**3 + 53*n**3. What are the prime factors of o(9)?
17
Let n = -12 + 7. Let r(d) = -11 + 6*d - 3*d - 4*d**2 + 5 - d**3. List the prime factors of r(n).
2
Suppose 20 = 4*t + 3*a, -5*t - a + 18 = a. Suppose -q - t*q = -12. List the prime factors of q.
2
Let p(i) = i + 6. Let a be (-12)/(-4*2/4). List the prime factors of p(a).
2, 3
Suppose -3*w + 14 + 16 = 0. Let x(n) = -n**2 + 11*n + 2. What are the prime factors of x(w)?
2, 3
Suppose 0*d = 4*d - 8. Suppose -d*a + 5*k = -4*a + 4, -2*a + 5*k + 24 = 0. List the prime factors of a.
7
Let m(i) = -i**2 + 2*i. Let v be m(2). Let x = v + 2. Suppose q - 2*l - 3*l = 23, q - x*l - 17 = 0. What are the prime factors of q?
13
Suppose -5*g - 780 = -17*g. What are the prime factors of g?
5, 13
Let c(h) = h + 5. Let w be c(7). Suppose 3*z + 4*a = 26, 3 + w = z - 5*a. List the prime factors of z.
2, 5
Suppose 0*k - 585 = -5*k - 5*p, -3*k + 376 = -2*p. List the prime factors of k.
2, 61
Let m = -221 + 309. List the prime factors of m.
2, 11
Suppose 4*y + 50 = 5*x, x + 0 = -y + 1. Let w be (-9)/(-15) - 2/(-5). Let t = x - w. List the prime factors of t.
5
Suppose 0*s + 4*s + 12 = 0, 5*s - 130 = -5*v. List the prime factors of v.
29
What are the prime factors of -4*(-15)/10*4?
2, 3
Suppose -5*c - 2*s + 25 = 0, 5*c + 5*s - 14 = -4. Let j be (-40)/(-28)*(2 + 5). Let g = j - c. List the prime factors of g.
3
What are the prime factors of -59*(-5 - -3) - -1?
7, 17
What are the prime factors of 2/4*2 + 68?
3, 23
Suppose v - 37 = -3*l, -4*v = -5*l - 64 - 84. What are the prime factors of v?
37
List the prime factors of -1*-6*(-38)/(-4).
3, 19
Suppose -3*x = -8*x - 5*t + 1255, 5*t = 4*x - 977. List the prime factors of x.
2, 31
Let j be (-6)/3 - (-2 + -26). Let t be -1*6/(-4)*j. Let d = -27 + t. List the prime factors of d.
2, 3
Suppose 5*t = -0*t + 145. Let c = t + -17. List the prime factors of ((-3)/(-6))/(1/c).
2, 3
Let f(q) = -q**3 + 4*q**2 - 4*q + 4. Let l be f(3). List the prime factors of -5 + l - (-1 + -42).
3, 13
Let k(l) be the first derivative of 20*l**3/3 + l**2/2 - l + 4. What are the prime factors of k(1)?
2, 5
Suppose 0 = -f + 5 + 6. Suppose 3*i - 12 - 12 = 0. Let m = f - i. What are the prime factors of m?
3
Suppose -16*x + 13*x = -42. List the prime factors of x.
2, 7
Let v(r) = -r**3 - 5*r**2 - 9*r - 13. List the prime factors of v(-7).
2, 37
Suppose -2*c + 11 - 1 = 0. Suppose 0 = c*i - 2*i + 24. List the prime factors of 0 + -1 - (3 + i).
2
Suppose 4*t = 3*v - 143, 3*t = v + 2*t - 47. Let o = -24 + v. What are the prime factors of o?
3, 7
Suppose 0 = 2*s + s. Suppose 4*o = 4*i - s*o - 52, -10 = -5*o. What are the prime factors of i?
3, 5
Let l be (-14)/(-6) - (-6)/9. Suppose 6*x - 4*x - 58 = -l*w, 2*x - 90 = 5*w. List the prime factors of x.
5, 7
Let x(z) = -32*z + 6. What are the prime factors of x(-7)?
2, 5, 23
Let h(y) = y**3 + 4*y**2 + 3. Let n be h(-4). Let d = 86 + -47. Suppose -n*z + d = -0*z. What are the prime factors of z?
13
Suppose 0*z - 3*z = -3*y - 3, y + 3*z = -5. Let i be 68/12 - y/(-3). Suppose -d + 5*o + 30 = 2, -2*d + i*o = -31. List the prime factors of d.
3
Let z = -4 + 8. Suppose -z*x + 25 = x. Let u = x - 0. List the prime factors of u.
5
Suppose 7*z = 55 + 225. List the prime factors of z.
2, 5
Let y = 5 - 19. Let o = y + 10. Let d = o + 11. List the prime factors of d.
7
Suppose 8*h - 38 - 426 = 0. List the prime factors of h.
2, 29
Suppose 0*q - q + 24 = -5*l, q + 4*l = -12. List the prime factors of q.
2
Let a = 2 - 1. Let z be a*2 - (6 + -4). Let y = 5 + z. What are the prime factors of y?
5
Suppose 0 = -2*o - 3*o, -5*k + 4*o + 90 = 0. Suppose -2*d + 0 = -k. List the prime factors of d.
3
Let r = 19 - 6. List the prime factors of r.
13
Suppose 2*j - 632 = -184. What are the prime factors of j?
2, 7
List the prime factors of (-39)/26*(-1)/(6/208).
2, 13
Suppose 0*y = y - 5. Suppose y + 3 = 2*j. Suppose j*n = -5*z + 60, -2*n - z = -21 - 3. List the prime factors of n.
2, 5
Let y = -101 + 47. Let d = -26 - y. Let u = d - 14. List the prime factors of u.
2, 7
Suppose -2 - 14 = -2*r. What are the prime factors of r?
2
Let t = -8 - -6. Let j be 1 - 4 - (0 - 1). List the prime factors of (-6)/(j*t/(-4)).
2, 3
Suppose -4*s + 0*s = l - 261, -5*l = -s - 1389. What are the prime factors of l?
277
Let q(w) = w**3 - 6*w**2 + 5*w + 3. Let g be q(5). Suppose -5*x + g*x = 50. Let y = x + 37. What are the prime factors of y?
2, 3
Suppose -3*w + 92 = -22. Suppose w = 3*k - 55. What are the prime factors of k?
31
Let s(r) = r**3 + 12*r**2 - 2*r + 7. What are the prime factors of s(-12)?
31
Let n = 12 - 9. Suppose -n - 7 = -5*u. What are the prime factors of u?
2
Suppose 0 = 6*g - g - 30. Let b(i) = -i. Let z be b(2). What are the prime factors of g - (-2)/2*z?
2
Let u(c) = -3*c**2 - 4*c + c - 1 + 6*c - 2*c**2. Let k be u(2). What are the prime factors of ((-16)/10)/(3/k)?
2
Suppose v - 5*v = 3*h, -4*h + 7 = 3*v. What are the prime factors of ((-6)/4)/(v/28)?
2, 7
Suppose -d = -0*d - 61. Suppose -46 = -2*b - 0*b. Suppose -2*p + w = -b, w = 4*p - 4*w - d. List the prime factors of p.
3
Let i be (-1 - -2)*(1 + 1). Let w be (-38)/(-8)*4/1. Suppose -i = -3*l + w. What are the prime factors of l?
7
Suppose 2*w + 4*j - 77 = j, 9 = -3*j. What are the prime factors of w?
43
Let p be 2*((-3)/(-1))/(-6). Let u be p*2/2*-1. What are the prime factors of u*2 - (2 - 14)?
2, 7
Suppose -2*p + 123 = -3*n, -2*n + 5 = -7*n. What are the prime factors of p?
2, 3, 5
Suppose -5*y + 3*y + 6 = 0. List the prime factors of y.
3
Let p = 22 + -10. Suppose 3*j - 7*j = -24. Suppose j = -b + 3*b - 3*d, -4*b - 2*d = -p. What are the prime factors of b?
3
Suppose 3*t = -3*v + 177, 4*t = 2*t - 5*v + 130. List the prime factors of t.
5, 11
Let g(f) = -f**2 + 7*f + 3. Suppose 5*i - 2*j - 3*j = 0, -3*i = -j + 4. Let m be -2*i/(-4)*-7. What are the prime factors of g(m)?
3
Let j(w) = -10*w**3 - w**2 - 2*w - 1. List the prime factors of j(-2).
79
Let a be 2/(1/(141/6)). Let u = a - 34. List the prime factors of u.
13
Let k(p) = p**2 - p + 10. List the prime factors of k(9).
2, 41
Suppose 3 = -i - 2*i, -5*i - 49 = -k. List the prime factors of k.
2, 11
Let y(b) = -b + 108. What are the prime factors of y(37)?
71
Let z(q) = -15*q - 9. What are the prime factors of z(-7)?
2, 3
Let o = -1 - -3. Suppose -5*j = -2*m - 51, o*j = -3*j - 4*m + 63. List the prime factors of j.
11
Suppose 1 = j - 1. Suppose -2*y + 112 = j*y. Let r = y + -17. List the prime factors of r.
11
Suppose -3*q = -6*q + 24. Let p = q - -2. What are the prime factors of p?
2, 5
Let w(t) = -t - 1. Let n(x) = 7*x + 4. Let u(c) = -2*n(c) - 6*w(c). List the prime factors of u(-2).
2, 7
Let l = 1 - -3. Suppose -l*q + 13 = -3. Suppose q*b - 33 = b. List the prime factors of b.
11
Let n = -3 - -23. What are the prime factors of n?
2, 5
Suppose 0 = -2*r + 7*r + 50. List the prime factors of (-73)/(-5) - (-6)/r.
2, 7
Let p = 4 - 4. Suppose -2*u + 3 - 7 = p. List the prime factors of (u/1 - 0) + 9.
7
Let u(g) = g**3 + 21*g**2 - 7*g - 30. What are the prime factors of u(-21)?
3, 13